. Calculate the remainder when s is divided by l.
2
Suppose 2*k - 1 = 3, 3*w = 2*k + 44. Let g = 70 + -124. Let m = g + 116. What is the remainder when m is divided by w?
14
Let b(c) = -3*c**3 - 3*c**2 + 2*c - 2. Let f = -1 + -2. Calculate the remainder when b(f) is divided by 12.
10
Let k(q) = -23*q + 5. Let i be k(-5). Suppose -2*b + 7*b - i = 0. What is the remainder when b is divided by 13?
11
Let y = -37 - -100. What is the remainder when y is divided by 5?
3
Suppose -68 = -2*l + l + 4*b, 5*l + b = 235. What is the remainder when l is divided by 13?
9
Let g = -36 - -47. Let n(x) = -3*x**2 - 6*x - 1. Let w(q) = -4*q**2 - 7*q - 2. Let v(r) = -3*n(r) + 2*w(r). Calculate the remainder when g is divided by v(-5).
3
Suppose 5*p - 3 = -33. Let g = -3 - p. Suppose -3*q - 2*c = q - 18, 4*q - g*c - 13 = 0. What is the remainder when q is divided by 2?
0
Suppose -2*f = -4 - 2. Let x = 34 + -31. Calculate the remainder when f is divided by x.
0
Let p(k) = -k**2 + 4*k + 9. What is the remainder when p(0) is divided by 6?
3
Let y(a) = -a**3 + 6*a**2 - 12*a - 4. Let c(s) = -2*s**3 + 5*s**2 - 13*s - 4. Let m(d) = 3*c(d) - 4*y(d). What is the remainder when m(-6) is divided by 20?
18
Let y(s) = -s**3 + 4*s**2 + 3*s - 1. Let i(c) = 2*c**3 - 2*c**2 - 3*c + 2. Let j be i(2). Calculate the remainder when y(j) is divided by 4.
3
Suppose 21*g = 18*g + 93. What is the remainder when g is divided by 11?
9
Suppose 0 = -u - 2 - 0. Suppose -16 = 2*r - 3*r. What is the remainder when ((-610)/15)/(u/3) is divided by r?
13
What is the remainder when (-160)/(-5) + (-4)/2 is divided by (11 + 0)/(-3 - (-1 + -3))?
8
Suppose 4*j = 14 + 26. What is the remainder when j - (-4)/(2 + 2) is divided by 7?
4
Let h(p) = 3*p + 1. Let r be h(1). Suppose 7*x = r*x + 45. Let z(q) = q**2 - 4*q - 2. Calculate the remainder when z(-5) is divided by x.
13
Suppose -5*b + 2*w + 336 = w, 0 = 5*w - 20. Calculate the remainder when b is divided by 10.
8
Let r = 6 + -3. Suppose 3*q = -2*y + 23, 0 = -7*q + r*q - 4*y + 32. Calculate the remainder when 20 is divided by q.
6
Let k = 203 + -137. Calculate the remainder when k is divided by 23.
20
Let o be 93/((-9)/6 + 0). Suppose s = -3*y + 37, s = -2*s + 12. What is the remainder when (o/(-1))/(3 + -1) is divided by y?
9
Let g = -9 - 20. Let d(c) = c**3 + 6*c**2 - 6*c - 3. Let m be d(-7). Let o = m - g. Calculate the remainder when 36 is divided by o.
17
Suppose 417 - 107 = 10*g. What is the remainder when 103 is divided by g?
10
Let n(d) = d**2 + 3*d - 6. Let m(h) be the first derivative of h**2/2 + 34*h + 1. Calculate the remainder when m(0) is divided by n(-6).
10
Suppose -w - 7 - 2 = -4*z, 0 = -2*z + 2*w. What is the remainder when 9 is divided by z?
0
Let n be (-1*3)/(9/(-66)). Suppose 2*f - n = -0*f. What is the remainder when f is divided by (-26)/(-7) - (-2)/7?
3
Let a be 64/36 + 4/18. Calculate the remainder when a - ((-6)/3 - 19) is divided by 13.
10
Suppose 0 = -3*q + 19 + 38. Suppose 4 - 12 = -3*m + z, 2 = 2*m + z. Calculate the remainder when 11*m/((-6)/(-15)) is divided by q.
17
Suppose 0*j - 2*r = -2*j + 36, 0 = 2*r - 2. What is the remainder when j is divided by (-74)/(-10) + (-4)/10?
5
Let g = -27 + 65. Calculate the remainder when g is divided by 1 - 2/1 - -14.
12
Let t = 32 + -13. Let i = 30 - t. Calculate the remainder when 20 is divided by i.
9
Let p(g) = g**3 - 3*g**2 + 4. Calculate the remainder when 9 is divided by p(3).
1
Suppose 4*a - 1 = 3*r - 9, -6 = -r + 3*a. Let j be (-2 - -2) + r - 2. What is the remainder when 15 is divided by 0/j + 2 + 6?
7
Calculate the remainder when (94/(-8))/((-2)/8) is divided by 10.
7
Calculate the remainder when (-340)/8*18/(-15) is divided by 2 + (-3)/((-6)/22).
12
Calculate the remainder when (-2)/(2*(-5)/505) is divided by 21.
17
Let q(m) = -m**2 + 7*m - 2. Suppose 0 = 3*v + 6 - 24. What is the remainder when v is divided by q(6)?
2
Let g(h) = -17*h - 1. Let j be g(-1). Suppose 0*p + p = -4*a + j, -3*a + 2*p = -12. Suppose d + 51 = a*d. Calculate the remainder when d is divided by 6.
5
Suppose 0 = -410*f + 413*f - 75. What is the remainder when f is divided by 3?
1
Suppose t = 2*l - 3*l - 22, 3*l - 2*t = -56. Let s = l - -34. What is the remainder when (-4)/(27/30 - 1) is divided by s?
12
Suppose 0 = 3*q + q - 76. Let k = -1 + q. Suppose -5*y = 2*j - 111, 5*y + 313 = 5*j + 53. Calculate the remainder when j is divided by k.
17
Suppose -4*m - 246 = -5*w - 0*m, -m = -w + 50. What is the remainder when w is divided by 8?
6
Suppose -9 = -3*k + 3. Suppose 0 = k*l + 6 - 30. What is the remainder when 11 is divided by -3 + l + 1 + 3?
4
Let z = -3 + 4. Let k be ((2 + 28)/(-3))/(-2). What is the remainder when z is divided by (k/(-10))/(2/(-4))?
0
Suppose -2*w - 2*c = -w - 32, -w + 3*c = -27. Suppose 17 = 3*z - 31. Calculate the remainder when w is divided by z.
14
Suppose 0 = y, 5*j - y - 465 + 110 = 0. Calculate the remainder when j is divided by 37.
34
Let r(g) = -g**3 + 7*g**2 - 2*g + 3. Let p = -4 + 3. Let o = 6 + p. Calculate the remainder when r(o) is divided by 15.
13
Suppose -4*y + 178 = -q + 11, -3*q - 28 = -y. What is the remainder when y is divided by 15?
13
Let f = -8 - -15. Calculate the remainder when f is divided by 4/(-6) + 44/12.
1
Suppose 5*a + 44 + 1 = -w, 5*w = 0. Let b be (-2)/3 - (-12)/a. Calculate the remainder when 8 is divided by 10*b/(-4)*1.
3
Suppose 0 = -60*v + 56*v + 448. What is the remainder when v is divided by 19?
17
Let m(d) = d**3 + 11*d**2 + 10*d + 1. Let r be m(-10). Let w(p) = 10*p**2 + p. What is the remainder when w(r) is divided by (3/(-2))/3*-8?
3
Suppose -4*a + k + 56 = 0, -k + 22 = 2*a - 0*k. Calculate the remainder when 1*5*(-1 - -6) is divided by a.
12
Calculate the remainder when (128/10)/((-12)/(-60)) is divided by 11.
9
Let q(y) = -9*y**3 + y**2 + 5*y - 3. What is the remainder when q(-2) is divided by 33?
30
Calculate the remainder when (81/(-6))/(19/(-6) + 3) is divided by 21.
18
Let p = 27 - 13. Let d = p + -9. Suppose -6*r = -5*r, -56 = -4*n - 4*r. What is the remainder when n is divided by d?
4
Suppose -10 = 5*z - 0*z. Let u be (10/(-4) - z)*-2. Suppose -2*y = -t + u, 3*t + y = 1 + 16. What is the remainder when 13 is divided by t?
3
Let r(h) = 2*h + 4 - 2 - 4 + 2*h**2. Suppose -5 = -5*f - 20. Calculate the remainder when r(f) is divided by 4.
2
Suppose -51 = -2*j - 3*f - 18, j + 3*f = 12. Calculate the remainder when 41 is divided by j.
20
Let y(m) = -7 - m + 0*m + 4*m. Suppose -2*g - 28 = -38. Calculate the remainder when y(g) is divided by 3.
2
Let x = -12 - -18. Suppose 0 = -4*d + 26 + 14. What is the remainder when d is divided by x?
4
Suppose 2*v + 6 = n, 0 = 3*n - v + 4 - 17. Let t = 51 + -82. Let i = t + 45. Calculate the remainder when i is divided by n.
2
Suppose 2 + 63 = 5*t. Let l = 19 - t. What is the remainder when 10 is divided by l?
4
Calculate the remainder when 2 + 72 - -1 - (-3 + 1) is divided by 27.
23
Calculate the remainder when (132/(-15))/((-12)/30) is divided by 14.
8
Let r = 1 + 44. What is the remainder when r is divided by 24?
21
Suppose w - 1425 = -4*w. Suppose -4*i + w = 49. What is the remainder when i is divided by (-1 - -10)*2 + 2?
19
Let h(q) = -4*q + 5*q - 3 - 3*q. Let a(j) = -j. Let o(f) = -a(f) + h(f). What is the remainder when o(-4) is divided by 1?
0
Let v(h) = 2*h - 2. Let z be v(3). Let k be (-3)/1 - (-56)/z. Suppose 8*o - 41 = 4*o - 5*a, 2*a = -o + k. What is the remainder when 26 is divided by o?
8
Let n = -3 - -9. Calculate the remainder when n is divided by (-2)/(-16)*4*8.
2
Let j = -5 + 3. Let g(d) = -2*d + 1. What is the remainder when 18 is divided by g(j)?
3
Let d = 23 + 7. What is the remainder when 87 is divided by d?
27
Let k(r) = -r**2 + 4*r. Let c be k(3). Let s = 29 + c. Calculate the remainder when s is divided by 11.
10
Let z = -16 - 2. Let o = 24 + z. Calculate the remainder when 15 is divided by o.
3
Let v(i) = i**3 - 9*i**2 - 10*i + 7. Let d(t) = 3*t - 5. Let w be d(5). Calculate the remainder when 20 is divided by v(w).
6
Suppose 2*x = 5*x. What is the remainder when -1 + x - (-3 + -71) is divided by 25?
23
Suppose s = -1 + 7. What is the remainder when (3/s)/((-1)/(-8)) is divided by 3?
1
Let s(f) = -f**3 + f - 1. Let v(o) = -5*o**3 - 3*o**2 + 6*o - 2. Let i(y) = -6*s(y) + v(y).